is the value of (-8 - ((-1 - -5) + 3 + -7)) + -1?
-9
What is -82 - -96 - (0 - (-1 - (2 + -2)))?
13
Calculate (-5 - -1) + 15 + 1 + -8 + 7.
11
What is the value of (8 - 26 - -10) + 11?
3
What is the value of 3 + -14 + (33 - 25)?
-3
7 + (1 - (-3 + 4) - (-6 - -27))
-14
16 + -16 + 9 + 15 + 0
24
(38 - 31) + -9 - 30
-32
-11 + (14 + -23 + 10 - -13)
3
What is -7 - (-3 + (5 - (-5 - (-7 - 0))))?
-7
Calculate 38 - 54 - (-8 + 2).
-10
Evaluate 2 + 2 - (19 + (24 - 18)).
-21
What is 0 + -1 + (538 - 548)?
-11
What is -13 + (-9 - (-13 - -2))?
-11
What is the value of (11 - -29 - 25) + -17?
-2
Calculate (14 - (10 - (3 + 1))) + -22 + -4.
-18
(2 - -1) + (-23 - -6 - -18)
4
What is the value of -7 + (-7 - -2) - (5 - 8)?
-9
Calculate 33 + (-32 - (-60 + 35)).
26
What is (184 - 176) + (-4 - -2)?
6
What is 1 + (13 - 3) + 1?
12
-17 - (15 + -16 + -1)
-15
Calculate 6 - (-4 + -1 + 3) - (12 + 13).
-17
Evaluate -17 + 1 + 15 + 0 + -9.
-10
-16 + 9 + (10 - 3)
0
Evaluate -22 - (-7 + -3 + -16).
4
Calculate 1 - 11 - (-270 - -259).
1
What is the value of (-4 - 0) + (-6 - (-10 - (-8 - -1)))?
-7
Evaluate -1 - -15 - (18 - 17 - (-5 - -5)).
13
What is -1 + (-14 - (-10 + 6)) + -2?
-13
What is 0 - ((9 - 16) + 2)?
5
Evaluate 1 + -2 + 27 + -17.
9
Calculate (-9 - (-4 - 0) - (-47 - -25)) + -6.
11
What is the value of 0 + 1 - (-37 - (-36 + 7))?
9
Evaluate -28 - ((-11 - 1 - -2) + -3).
-15
What is the value of (5 + -15 - -16 - 5) + 5?
6
Calculate (6 - (7 + -4)) + -13 + 26.
16
Calculate 15 - (-12 - -15) - (7 + 1).
4
What is (3 - 16) + (-16 - -3)?
-26
Calculate (4 - (15 - (14 + -4))) + (5 - -1).
5
What is the value of 9 + 24 + -20 + 9 + -6?
16
Calculate (12 - 7) + 4 + (2 - -3 - 27).
-13
What is 20 + (30 + -100 - -26)?
-24
What is the value of -1 - -9 - (1 + (-6 - -6))?
7
Calculate 10 + -3 + -27 + 31.
11
What is the value of 16 - (-19 + 33 + 13)?
-11
What is the value of (43 - (5 - -8)) + -29?
1
Calculate 12 + 15 + 4 + -26.
5
What is 14 + -3 + -3 - (-103 - -114)?
-3
Calculate 10 - ((-3 - (-1 - 10)) + -7).
9
What is the value of 45 - 53 - (11 - 3)?
-16
Evaluate 15 - (2 + (-8 + -1 - -13)).
9
What is the value of -2 + -8 - ((-16 - 2) + 21)?
-13
(-8 - (4 + 7 + -17)) + 15 + -3
10
Calculate -5 + (-2 - (-7 + 6)) + 3 + -3.
-6
What is the value of (11 - 13 - 2) + (-10 - -4)?
-10
1 + -4 - (-18 - -6 - (-4 - -1))
6
Evaluate 13 - (-2 - -10) - 2.
3
-8 + (10 - (-9 + 19)) + -1 + -3
-12
What is the value of 18 + (3 - -5) + 5 - 8?
23
Calculate 2 + (-3 - (-2 - -1)) - (-11 - -7).
4
What is (-56 - -53) + (6 - (-3 + 6))?
0
-10 + 11 + (12 - (12 - 4))
5
-2 - ((-1 - 1) + -24 + 20 - -13)
-9
(53 - 61) + 24 - (-1 + (2 - 1))
16
Evaluate -3 + 5 + 17 + -8 + -30.
-19
What is the value of 11 + (7 - 12 - 4)?
2
What is the value of -5 - -26 - 29 - (-3 - -1)?
-6
What is (-29 - -4) + (-21 - -36) + 9?
-1
-144 + 158 + (-7 - 6)
1
Evaluate (-11 + 2 - 1) + 7 - 12.
-15
59 - ((-18 - -31) + 19)
27
What is (1 - -8) + 6 + -1 + -10 + 4?
8
Calculate -8 + 5 - (4 + -1 - (23 - 6)).
11
Calculate -9 - -12 - 2 - 1 - (-1 - 6).
7
Calculate (2 - (-7 - 3 - -9)) + -26 - -9.
-14
What is the value of (3 - 45) + 28 - 22?
-36
What is (-16 + 6 - 12) + (-5 + 5 - 0)?
-22
What is -2 + -25 + 23 + 0 + 5 + 1?
2
11 + -22 + 6 - -29 - (1 - -3)
20
Evaluate 13 + -5 + 7 + -13 + 0 + 3.
5
What is the value of (12 + -1 - (6 - 6)) + 0 + -29?
-18
Calculate 9 + 3 + 0 + -11.
1
What is (-24 + -10 - 14) + 25?
-23
Evaluate -14 - ((-15 - -9) + 4 - 4).
-8
What is (-1 - 2) + 0 - (-21 - -15)?
3
What is the value of (-48 - -59) + (3 - 8 - 17)?
-11
What is (-6 - -16) + -7 + (18 - 8)?
13
Calculate 44 + -37 + (-3 + 0 - -3) + -23.
-16
What is the value of 2 + 9 + -1 - (-147 - -144)?
13
Evaluate 3 - (4 - (8 - -1)) - 0.
8
22 + (-7 - 19) - -12
8
Calculate -346 + 329 + 22 + 0.
5
What is the value of -14 - (-15 + 13 - (4 - -2))?
-6
Evaluate 19 + 37 + -27 + -9.
20
Evaluate 2 + (5 - (-5 + 14)).
-2
Calculate -15 - (-6 + (27 - 17)).
-19
33 + (-13 - -20 - 22) + 11
29
Evaluate (-17 - (1 - 0 - 1)) + -930 + 931.
-16
Calculate -9 - (1 - 2) - (-540 + 538).
-6
Evaluate -9 + 3 + (1 - 0) + -431 + 429.
-7
Evaluate (-2 - -2) + (4 - 10) + (6 - 5).
-5
Evaluate (1 - -1) + 4 + -3 + 0 + 4.
7
What is the value of 27 + -28 + -6 - (9 - 4)?
-12
-46 - (41 - 20 - 28)
-39
Evaluate (3 - (-7 - (5 - 2))) + -2.
11
Calculate 4 - -1 - (3 + -10 - -12).
0
What is -7 + (1 - -32) + (22 - (-15 + 38))?
25
Calculate 616 - 622 - (6 - (-1 + 2)).
-11
What is 11 + 1 + -11 + 14?
15
What is -2 + -27 - (34 + -16 - 23)?
-24
Calculate (-3 - 8 - -8) + 16 + (6 - -1).
20
(-7 - (8 + -29 + 3)) + -4
7
Calculate 6 + (-6 - -1) - (-2 - -4 - -3).
-4
What is the value of 19 + 2 + (1 - (5 - -5)) + 0?
12
What is the value of 5 - (-3 + 2 - 1) - 6 - -5?
6
-9 - -2 - (-6 + (2 - (5 + -5)))
-3
Calculate 24 + 4 - (21 + -4).
11
Evaluate 14 - (1 - (-6 - (5 - 9)) - -1).
10
Evaluate -3 + 4 - (9 + -10 + (-2 - 3)).
7
What is -3 - (-6 + 2 + 2 - -3)?
-4
What is (-9 - (-1 + 1)) + 62 + -58?
-5
2 + (-10 - -9) + -3 + 7
5
What is the value of 2 - (-13 - -9) - (10 + -6)?
2
What is 1 + 8 + (-20 + 21 - (6 - 2))?
6
Evaluate 10 + (4 - -4) + -8.
10
What is the value of 5 + (4 + -8 - -11) + -2?
10
What is -4 - -41 - (-19 + 35)?
21
What is -10 + -18 + (20 - (-1 + 12))?
-19
What is the value of (-82 - -33) + 33 - 0?
-16
What is -4 + 3 + (-2 + 0 - 2)?
-5
What is the value of -28 - (-9 - 27) - (2 + -1)?
7
23 - (-17 + 10 - -20)
10
What is (51 - 54) + -10 + -4 + (7 - -1)?
-9
What is the value of (2 - (0 - -17)) + 10?
-5
-17 - ((-3 - 10) + (2 - -5))
-11
28 - (-61 + 34 + 85)
-30
Calculate -36 + (-15 - (6 + -46)).
-11
-2 + 3 + -3 + 14 + -8
4
What is 12 + -13 + -27 - -9?
-19
Evaluate 1 + -8 + 2 - (7 + 14 - 7).
-19
0 + 3 - (1 + 8) - (-16 - -1)
9
Evaluate 0 + 2 + (232 - 250).
-16
What is (-7 - 3) + 4 + 8 + -11?
-9
Calculate (-9 - -1) + 19 + -5 - 11.
-5
Evaluate -2 + -31 + (-11 - -15) + 5.
-24
What is the value of 1 - 15 - (12 + -20 - -10)?
-16
(-5 - 4) + (-9 + -6 - -11)
-13
What is the value of (-17 - -32) + -22 + 17?
10
Evaluate -5 - (0 - 1) - (4316 - 4300).
-20
What is -10 - ((16 - (-7 + 11)) + -10)?
-12
((9 - 1) + -20 - -10) + -14
-16
What is 21 + -17 + 8 + 0?
12
28 + -23 + 25 + -59
-29
Calculate -30 + 33 - (-6 - (12 - 3)).
18
6 + (-42 + 5 - -23)
-8
Calculate (-1 - 3) + (-3 - (-1 - (6 + -6))).
-6
Calculate -8 + (47 - 46) - (33 + 2).
-42
-3 + -2 + 7 + 2 + -5
-1
Evaluate 0 + 5 - (-52 - -66).
-9
What is the value of -5 - -19 - (14 - 3)?
3
Calculate -7 + (0 - (-9 + 3) - (-14 - -16)).
-3
(3 - 7 - (-10 + -1)) + (-91 - -62)
-22
Evaluate (-2 - -6) + (6 - (10 - -3) - -11).
8
Calculate 1 + -4 + -236 + 252.
13
What is the value of -1 + -5 + 2 - (105 + -100)?
-9
Calculate (16 - (1 + 14 + -23)) + -13.
11
What is the value of -8 - (0 + -2 + 25 + -14)?
-17
Evaluate -14 + 1 - (40 - (70 - 30)).
-13
Calculate 21 + -13 - 29 - -17.
-4
Evaluate 22 + 28 + -53 - (4 + -1).
-6
What is 0 + -3 - (403 - 414)?
8
What is -12 - (1 - 35 - -5)?
17
What is 7 + -16 - (-44 - -42)?
-7
Calculate (509 - 499) + (-1 - 23).
-14
What is -8 + (-12 - -5 - (-6 + 0))?
-9
What is (20 - 12) + -20 - (-8 - -1)?
-5
Evaluate 7 - (-9 - -20) - 12.
-16
15 + (-33 - -21 - 20)
-17
8 + -4 + -3 + (-5 - -12) + -3
5
-42 - (-24 + 8 + -12 + 11)
-25
Calculate (21 - 52 - -14) + (7 - -2).
-8
What is the value of 20 + (-18 - -5) - (9 + -3)?
1
Evaluate (1 - -13) + -17 - 0.
-3
What is the value of 28 - 25 - (1 - (-7 - -3))?
-2
What is the value of -5 + 5 + -3 - -3 - (11 + -37)?
26
Calculate -13 + (-10 - 0) + 35.
12
Evaluate -79 - -84 - (1 + -5).
9
What is the value of (-13 - (-24 + 6 + 9)) + 17?
13
Evaluate 2 + (1 - -22) + -18.
7
What is the value of 9 + (1 - (7 + 0 + 54 + -49))?
-2
Calculate -73 + 30 + -5 + 19.
-29
Calculate 0 + (12 - 5) + (23 + -8 - 8).
14
Calculate 2 + (0 - 34) - (39 - 48).
-23
8 + (-18 - 3 - -1) + 8
-4
Calculate -33 + 2 - (-53 + 18).
4
What is -7 + 7 + -5 + -2 + -4?
-11
-24 - (-7 + 9) - -26
0
What is the value of -16 + 14 + 11 + -2?
7
What is the value of (21 - 35) + (14 - 6)?
-6
What is 12 + 2 + -11 + 3 - (26 + 1)?
-21
Calculate (1 - -1 - (-16 + 2 + 18)) + 5.
3
17 + -12 + (2 - -11 - 10)
8
What is the value of (0 - -15) + 1 + -19?
-3
What is -2 + 9 + -2 - (40 + -17 - 10)?
-8
35 + -10 + -6 + -7
12
What is the value of 0 + 0 + (-227 - -221) + 5?
-1
Calculate (116 - 125) + (19 - 3).
7
Evaluate (14 - -1 - 17) + -4 + 1 - -4.
-1
Calculate 14 + 